(3).
3
Let o(w) = 2*w**3 + w. Let i(v) = 28*v - 391. Let x be i(14). Give o(x).
3
Let o be 20/(-8)*(-11)/((-275)/(-10)). Let z(u) = -u**2 - 2*u. Calculate z(o).
-3
Let q(x) = -x**3 + 3*x**2 + 7 - 5*x + 2*x**3 + 2*x**2. Suppose -4*m + 43 + 9 = 0. Let l = m - 19. Determine q(l).
1
Let n(b) = -3*b - 4. Let l be n(-3). Let h(w) = 2*w + 22162 - 3*w + 2*w - 22163. Give h(l).
4
Let y(q) be the second derivative of -q**7/1260 - 7*q**6/720 - q**5/30 + 7*q**4/12 - 4*q. Let g(c) be the third derivative of y(c). Determine g(-4).
-8
Let h(g) = g**3 - 7*g**2 + 3*g + 2. Suppose 0 = 21*c - 201 + 54. Give h(c).
23
Let n(o) = -o**3 + 18*o + 7. Let j be n(-4). Let d(p) = 22*p - 1. Give d(j).
-23
Let s(o) = o**2 + 5*o - 1. Let l(p) = 5*p**2 + 16*p + 5. Let j(u) = -4*u**2 - 16*u - 6. Let x(g) = -4*j(g) - 3*l(g). Let f be x(-15). Calculate s(f).
5
Let s(i) = -i**3 - 13*i**2 + 3*i - 10. Let b(x) = x**3 - x**2 - x + 1. Let q(k) = 2*b(k) + s(k). Determine q(15).
7
Let z(c) = 4*c + 2. Let w(g) = 10*g + 8. Let i(u) = -2*w(u) + 7*z(u). Calculate i(3).
22
Let g be ((-7)/49)/((-9)/126). Suppose -4*l = 5*n + l - 20, -2 = -n + l. Let d(a) = -a + n - 1 + 2. Determine d(g).
2
Let v be 20/(-50) + (3508/5)/4. Let j(z) = 5 - 179*z - v*z + 355*z. Calculate j(-3).
2
Let s(a) = 2022*a - 2028*a - 7 + 0*a**2 + a**2. Calculate s(7).
0
Let r(a) = -a**3 + 8*a**2 - 3*a - 9. Suppose y - 3*p - 15 = -p, -3*p = y + 5. Determine r(y).
19
Let f be 0 - (1 - -2) - 2. Let s(n) = -n + 10. Let r(p) = -2*p + 20. Let t(x) = f*s(x) + 2*r(x). Determine t(9).
-1
Let b(o) = -2*o - 4. Suppose 5*c - 35 = g, -c + 4*g + 35 = 4*c. Suppose 5*q + 38 = -4*s, -3*s + 18 = -c*s + 5*q. Determine b(s).
10
Let j(a) = -5822*a**3 + 2 - 2*a - 5 + 8*a**2 - 5 + 5823*a**3. What is j(-8)?
8
Let v = -374 + 372. Let k(o) = o**3 + o + 1. Let z be (6/8)/(1/(-4)). Let s(r) = -4*r**3 + r**2 - 2. Let j(t) = z*k(t) - s(t). Give j(v).
-7
Let t(q) = -11*q**3 + q**2 + q - 1. Let g be (-5)/1 - (-28 - -22). Determine t(g).
-10
Let u(p) = 2*p - 859 - 3*p**2 - 858 + 1719. Calculate u(2).
-6
Let p(v) = v**3 + 7*v**2 - 4. Let t be p(-7). Let z = -9 - t. Let q(x) = -31*x - 1. Let d(w) = 6*w - 1. Let f(m) = 5*d(m) + q(m). What is f(z)?
-1
Let d(k) be the third derivative of 1/2*k**3 + 0*k - 6*k**2 - 1/6*k**4 + 0 - 1/60*k**5. Let o(v) be the first derivative of d(v). What is o(-3)?
2
Let k(h) = -h**3 + 2*h**2 + 3*h - 3. Let y be k(2). Let j(z) = z**3 - 4*z**2 + 2*z + 4. Let v be j(y). Let d(n) = n - n**2 + n + 3*n + v - 7. Determine d(4).
-2
Let d(v) be the second derivative of -v**3/2 + 3*v**2 + 3*v. Let w be d(4). Let k(p) = -2 + 3*p**3 - 4*p**3 - 7*p**2 - 2 - 8*p. Determine k(w).
8
Let x(s) = -2*s**3 - s**2 + 1. Let l(r) = 3*r**3 + 6*r**2 + 5*r - 7. Let a(h) = l(h) + 2*x(h). Calculate a(5).
-5
Suppose 2*y + 21*y = 23. Let u(b) = -6*b**2 - b + 1. What is u(y)?
-6
Let n(r) = r**3 + 7*r**2 + 14*r + 22. Let k be n(-5). Let a(v) = -5*v**3 - 32*v - v**2 + 7 + 6*v**3 + 8*v**k + 40*v. What is a(-5)?
17
Let i be (15/(-15))/(2/8). Let r(k) be the first derivative of k**3/3 + 3*k**2/2 + 6*k - 5. Determine r(i).
10
Let p(d) be the first derivative of d**3/3 - 13*d**2/2 - 14*d - 233. Give p(14).
0
Let w(r) = 9*r + 4. Let a(z) = 7*z + 5. Suppose 0*j = -3*j - 18. Let m(o) = j*a(o) + 5*w(o). Determine m(4).
2
Let h(n) = 3*n + 12. Let l = 494 + -482. Give h(l).
48
Let a(r) = -218*r + 450*r - 233*r + 14. Calculate a(16).
-2
Let z be (-18)/12*1*80/6. Suppose -q = 3*q - 84. Let o = z + q. Let w(s) = -5*s - 1. Determine w(o).
-6
Let i = 28 - 25. Let d(p) be the first derivative of 8 + 4*p + 9*p**2 + 1 - 6*p**2 - i*p. What is d(-1)?
-5
Suppose 3*s + 3 = -5*u - 50, -16 = 2*u - 4*s. Let o(i) = -i**2 - 4*i - 15. Give o(u).
-75
Let t(f) = -f**3 - f - 5. Let r be t(0). Let v(d) be the second derivative of d**3/6 - d**2 - 2*d - 19. Determine v(r).
-7
Let m(c) = -1070 + 3150 + 4*c - 1067 - 1059. Give m(12).
2
Suppose 13 + 23 = 2*a. Suppose c = -3*t + a, 1 = 2*t - 3*c - 0*c. Let o(f) = f**2 - 8*f + 3. What is o(t)?
-12
Let v(w) = w**3 + w**2 - 2*w - 3. Let c(d) = -d**3 - 15*d**2 + 37*d + 14. Let g be c(-17). Let n = g + 35. Calculate v(n).
-3
Let n(p) = -p + 2. Suppose -3*i + 7*i = 36. Let r(u) = u**3 - 8*u**2 - 10*u + 12. Let o be r(i). Suppose 0 = -5*b - 15, -a - 5*b = o*a - 5. What is n(a)?
-3
Let m be (-11)/2 + 33/88*4. Let g(w) = w + 10. Let y(x) = -x - 11. Let j(s) = -7*g(s) - 6*y(s). What is j(m)?
0
Let d(i) be the first derivative of -11*i**2/2 + i - 224. Give d(6).
-65
Let c(i) = -7*i + 14. Let x(t) = 2*t - 5. Let y(w) = 3*c(w) + 8*x(w). Suppose -2*k + 6*k = -4. Let j be (k + -2)/((-9)/6). Determine y(j).
-8
Let q(b) = 8 + 6 + 9 - 24. Let t(i) = -i - 2. Let y(c) = -5*q(c) - t(c). What is y(-8)?
-1
Let d(b) be the second derivative of -b**5/20 + 5*b**4/12 + b**3 - 2*b**2 - 4*b. Calculate d(6).
-4
Suppose -3*o - o + 5*i + 8 = 0, 40 = 4*o + 3*i. Let s be (0 + o)*(-4)/2. Let q = 16 + s. Let r(v) = v**3 - v**2 - 2*v + 3. What is r(q)?
3
Let x = -3 + 6. Let a(z) = z**2 - z**x + 3*z + z**2 + 2*z**3 + 1. Suppose -3*v + 11 = 2*y, 24*v - 19*v = 25. Give a(y).
-5
Let j(a) be the first derivative of a**4/4 + a**3 - 2*a**2 - 4*a + 45. Give j(-4).
-4
Suppose 3*x + 8 = -3*d + 5*x, -3*d + x = 10. Let k(f) be the first derivative of f**4/4 + 5*f**3/3 + f**2 - 3. Give k(d).
8
Suppose 17*n - 14 = 54. Let a(m) = -m**2 + m. Let o(j) = -2*j**2 - 3*j - 2. Let k(x) = 3*a(x) - o(x). Give k(n).
10
Let n(s) = -10 + 35 - 8*s - 12 - 10. Give n(5).
-37
Suppose -v + t - 6*t - 17 = 0, 3*v + 3*t = -15. Let x be ((v + 1)*2)/(-1). Let c(a) = -3*a**x + 0*a**2 - 3*a**2 + 1 + 5*a**2. Determine c(-2).
-3
Let x = 14 + -15. Let w be x + -4 + (-4 - -3). Let n(b) = -b**2 - 8*b - 5. Determine n(w).
7
Let n be (-126)/(-1071) + (-2)/17. Let f(z) = 4*z**2 + 2*z - 9. Calculate f(n).
-9
Let v(r) be the third derivative of -r**6/120 + 2*r**5/15 + r**4/3 + r**3/2 - 3*r**2. Let b be 49/5 - (-64)/(-80). Determine v(b).
-6
Let n(c) = -23*c**2 - 47*c + 2. Let p be n(-2). Let i(k) = 2*k**2 - 5*k - 6. Give i(p).
6
Suppose 55 = -4*c + 275. Let y be c/45 - (-2)/(-9). Let n(b) = -5*b**3 - b**2 - 3. Let t(s) = -4*s**3 - s**2 - 4. Let k(v) = 4*n(v) - 3*t(v). Give k(y).
-9
Suppose 0*v + 75 = 5*v. Let k = -21 + v. Let a(j) = 0*j + 5*j + 8 - 3*j. Calculate a(k).
-4
Let m(w) = -w - 1. Let i(k) = -6*k**2 + 3*k + 5. Let g be i(0). Give m(g).
-6
Let f(v) = v - 1. Suppose 30 = -9*t + 11*t. Suppose -2*d = -5*d + t. Calculate f(d).
4
Let f be 0*1/3*3. Let m(p) = 3*p - 5. Let g(x) = x - 1. Suppose -5 - 1 = 2*t, -2*t = -4*i + 10. Let q(w) = i*m(w) - 4*g(w). What is q(f)?
-1
Suppose -3*a - 4*y + 22 = 0, -a + 5*y = a + 16. Let p(m) = -2*m**3 + 3*m**2 - m - 1. Give p(a).
-7
Let g(f) be the third derivative of -1/120*f**6 - 12*f**2 + 5/6*f**3 + 0 + 0*f - 1/6*f**4 - 1/10*f**5. Give g(-5).
0
Suppose -o + 4*o - 17 = -l, 5*o = 5*l + 15. Let j(f) = -7 + 0*f**2 + 25*f**2 + 5*f - 26*f**2. Determine j(o).
-7
Let p(a) be the first derivative of a**3/3 - 7*a**2/2 - 14*a + 483. Give p(10).
16
Let x(b) = -3 - 4*b + 2 - b + 5 + 3*b. What is x(-3)?
10
Let x(n) = 2*n**2 + 2*n. Let i = 348 + -350. What is x(i)?
4
Let i(q) = q**3 + q**2 - 4*q + 4. Let u(d) = 2*d - 22. Let g be u(10). Let h(w) = -6*w**3 - 4*w**2 + 20*w - 21. Let o(k) = g*h(k) - 11*i(k). What is o(3)?
10
Let q(n) = 0*n - 4*n + 4*n + 8 - n. Let h(c) = -3*c - 7. Let o be h(-3). Suppose 3*t - 2*k - 15 = 0, -o*t - k = -t - 5. Give q(t).
3
Let m(s) = -50*s - 16. Let h(o) = 36*o + 11. Let v(i) = -7*h(i) - 5*m(i). Give v(-4).
11
Let h(a) = -10*a**2 - 1. Let m(y) = -y**3 - 6*y**2 - 5*y - 6. Let n be m(-4). Let j = n + 17. What is h(j)?
-11
Let i(c) = -155*c - 3 + 298*c - 145*c. Determine i(-4).
5
Let l be (-4 - 1 - 10)/(-1). Let t(z) be the first derivative of -l*z - 1/4*z**4 - 5 + 1/3*z**3 + 0*z**2. Determine t(0).
-15
Suppose 3*n + 17 = 4*c + 2*n, -40 = -5*c + 5*n. Let r(z) = -z**2 + 3*z + 6. Determine r(c).
6
Let g(h) = -8*h - 1. Let o(n) = -10*n**2 + 98*n + 18. Let y be o(10). Give g(y).
15
Let o(a) = a + 5. Suppose 20 = 4*u, 4*u = -x + 21 + 3. What is o(x)?
9
Let q = 50 - 56. Let t be (q/4)/((-115)/20 + 5). Let c(l) = -3*l**2 + l - 2. Calculate c(t).
-12
Let j(f) = -f**3 + 7*f**2 - 5*f + 1. Let a be j(6). Let l(y) be the first derivative of -y**3/3 + 3*y**2 + 8*y + 2. What is l(a)?
1
Suppo